sor of o and 22.
11
Suppose -3*o = -906 - 513. What is the highest common divisor of o and 43?
43
Suppose -76 = -3*y - y. Suppose 0 = 3*w - 3*u + 30, -6*w = -4*w - 4*u + 24. Let f be w/(-28) + (-1062)/(-7). What is the greatest common divisor of f and y?
19
Suppose -4*k = -109 + 53. What is the highest common divisor of k and 77?
7
Let m = 2 + -1. Suppose -2*h = -3*h + 3. Suppose v - m = 0, 0*v = 2*n + v - h. What is the greatest common divisor of n and 1?
1
Suppose -f = -0*f - 48. What is the greatest common factor of 12 and f?
12
Let x = -2 + 6. Let v(h) = h**2 - 4*h + 5. Let q be v(x). What is the greatest common factor of 2 and q?
1
Let d = -212 - -312. What is the greatest common factor of d and 20?
20
Let m = 21 - -2. Suppose 5*k + x = 14 + m, x + 27 = 3*k. Suppose -4*b = -32 - k. Calculate the greatest common divisor of 4 and b.
2
Let x(a) = 6*a**3 - a**2 + a. Let r be x(1). Let z(j) = j**2 - 5*j - 1. Let y be z(r). Suppose -y*n + 68 = -n. What is the greatest common factor of 17 and n?
17
Suppose -4*f + 5*z - 44 = 101, 0 = -5*f + 5*z - 175. Suppose -2*p + 20 = 2. Let j be (f/p)/((-2)/30). Calculate the highest common factor of 20 and j.
10
Let b(c) = c**2 + 2*c - 3. Let u be b(-7). Calculate the highest common factor of 4 and u.
4
Let r(o) = o**2 + 7*o - 8. Let x be r(-9). Let v be 1*-3 - (3 - x). Calculate the greatest common factor of 12 and v.
4
Suppose -4*k + 248 = -0*k - 4*p, 2*k - 5*p = 139. What is the highest common divisor of k and 19?
19
Let x be (-2)/3 - 187/(-51). Calculate the highest common divisor of x and 33.
3
Let q be (8/14)/(12/42). Let d(g) = 5*g**2 - g - 2. Let z be d(q). What is the highest common divisor of 176 and z?
16
Let t = -9 + 3. Let m be 9 + 1*(t + 3). Calculate the highest common factor of 48 and m.
6
Suppose 4*j = 2*a, -5*j - 3*a = -3 - 19. Suppose -j*b + 86 = 26. Let u be 3*(1 + 1 + 0). What is the greatest common factor of b and u?
6
Let n = -21 - -23. Calculate the highest common factor of 22 and n.
2
Let v be (-14)/(-49) - (-2)/(-7). Suppose -10*q + 6*q + 56 = v. Calculate the highest common factor of 14 and q.
14
Let u(m) = -3*m. Let t be (12/(-9))/((-1)/(-3)). Let g be u(t). Suppose r + 0*d - 84 = 3*d, 4*d - 496 = -5*r. What is the highest common factor of r and g?
12
Suppose 0 = u - 3*u + 120. Let g be (-7)/14 - 21/(-2). What is the greatest common divisor of g and u?
10
Suppose -10 = -4*z - 2*r, -5*z - 2*r = -4*z - 4. Let s(j) = -z + 3 + 7*j + 9 + j**2. Let o be s(-7). Calculate the highest common divisor of o and 30.
10
Let a(j) = 12*j**2 - 2*j - 3. Let l be a(-2). Suppose l = 3*p - 68. Calculate the highest common factor of 26 and p.
13
Suppose 0 = -l - 4 + 32. What is the greatest common divisor of 84 and l?
28
Let q = -231 + 240. Let b be ((-36)/2)/((-4)/6). What is the highest common divisor of q and b?
9
Suppose -n = -12 - 2. Suppose 4*u - 486 = 2*s + 18, -s = 0. What is the greatest common divisor of n and u?
14
Let b = -7 + 11. Suppose b*d - d - m - 984 = 0, -2*m = d - 321. Suppose 4 = 2*o, -o - d = -5*i - 2*o. Calculate the highest common divisor of i and 26.
13
Let g = -5 + 3. Let j be (-202)/(-4) - (-3)/g. Calculate the highest common divisor of 7 and j.
7
Suppose -2*m = 2*m - 12. Let w be 2/5 - 406/(-10). Let n = w + -20. Calculate the highest common factor of n and m.
3
Suppose -6*u - 46 = -208. Calculate the greatest common factor of 216 and u.
27
Let s = -12 + 5. Let m = 44 - s. What is the greatest common divisor of 34 and m?
17
Let m be -3 - (10 + -2)/(-2). Let d be (m/2)/((-1)/(-42)). Calculate the highest common divisor of 105 and d.
21
Suppose -3*h = -2*h - 76. What is the greatest common divisor of h and 19?
19
Suppose 30 = 2*v - 0*v. What is the greatest common factor of 135 and v?
15
Suppose 6*t - 1509 = 2253. What is the greatest common divisor of t and 57?
57
Suppose 5*p = 5*w - 145, 3*w = 5*p + 81 + 4. Let z = -9 + w. Suppose -5*y + 19 = -5*a - 11, 2*y = -2*a. What is the greatest common factor of z and y?
3
Suppose 0 = 2*p + i + 1, i = -3. What is the greatest common divisor of p and 8?
1
Let z = 154 - 260. Let k(o) = 151*o**2 - 1. Let i be k(-1). Let b = i + z. Calculate the greatest common divisor of b and 11.
11
Let s(v) = v**2 + 4. Let p be s(0). Let l = 44 - p. Calculate the highest common factor of l and 16.
8
Let m be (-226)/(-5) - (-64)/80. What is the greatest common factor of m and 69?
23
Let o be (2/4)/(1/2). Let q be o*-1*(6 - 15). Calculate the highest common divisor of q and 45.
9
Let m(n) = n**2 + 2*n + 1. Let z be m(-3). Suppose -i + 4*c + 86 = 0, 4 = z*c + 20. What is the highest common divisor of i and 28?
14
Suppose -1 + 5 = 2*d. Let o = d + 1. Suppose 0 = -2*y - 2*y + 108. What is the greatest common divisor of y and o?
3
Suppose -4*t = -t - 24. Let l be t/(-36) + (-652)/(-18). What is the greatest common factor of l and 4?
4
Suppose -47*d + 42*d + 50 = 0. Let t(m) = m - 1. Let a be t(6). What is the greatest common factor of d and a?
5
Suppose 2*w + 5*x - 55 = 0, 17*w - x + 137 = 21*w. Calculate the greatest common divisor of 28 and w.
7
Let w = 5 - -15. Let z(t) = -2*t - 10. Let y be z(-8). Suppose k - y*k = -20. What is the highest common factor of w and k?
4
Let n(y) = 3*y**3 + y**2 + y - 2. Let u be n(2). Suppose 2*h = 3*k - 7, 15 = -0*k + 3*k. Calculate the highest common factor of u and h.
4
Suppose -4*h + 5 = -3*o - 5, -2*o = 4. Calculate the highest common divisor of h and 5.
1
Let d be (-448)/(-6) + (-2)/(-6). Suppose 2*w + 120 = 10*w. Calculate the highest common factor of d and w.
15
Let t = -114 + 127. Calculate the highest common factor of 13 and t.
13
Suppose 121 = c - 3*w, 3*c + c + 3*w - 454 = 0. Let d = 65 - 19. Calculate the highest common divisor of d and c.
23
Let g be -69*(0 + -1)*1. Let i = -41 + g. What is the greatest common divisor of i and 4?
4
Let u = -3 - -7. Let j = 1 + u. Let m = 3 + -2. Calculate the greatest common factor of j and m.
1
Let g(k) = 158*k + 2. Let c be g(1). Suppose 5*b = 68 + 32. Calculate the greatest common divisor of c and b.
20
Let s be 2/((-1)/(-22)*4). Let u be -30 + -1 + (-6)/3. Let l be (-4)/6*u/2. What is the highest common divisor of s and l?
11
Let p(k) = -k**3 - k**2 - k. Let q = 10 + -20. Let g be 6/q - 2/5. Let x be p(g). Calculate the greatest common divisor of 11 and x.
1
Suppose 225 = 12*m - 7*m. Calculate the greatest common divisor of m and 30.
15
Let s be 6/9*141/2. Let w = s - 27. Suppose -2*f + 20 = -0*f. Calculate the highest common divisor of w and f.
10
Let i = -2 - -4. Let s be ((-2 - 3) + 1)/(-2). Let a be s*(0 + -3 - -5). What is the greatest common divisor of i and a?
2
Suppose -5 = 3*c - 11. Let n be (-30)/(((-15)/c)/5). What is the greatest common factor of n and 160?
20
Let m = 55 - 48. Calculate the greatest common divisor of m and 7.
7
Let q(r) = 13*r**2 + 3*r + 19. Let s(j) = -7*j**2 - j - 10. Let b(a) = 6*q(a) + 11*s(a). Let x be b(-7). Calculate the highest common divisor of x and 12.
4
Let y(v) = 39*v**2. Let c be y(-1). Let d = c + 105. Calculate the greatest common divisor of d and 16.
16
Suppose 1 - 5 = -i. Suppose -2*v - o + 77 = 2*v, -v + i*o = 2. What is the greatest common divisor of v and 90?
18
Let t be 40/28 + (-8)/(-14) - -30. Suppose 3*w + 0*w = 78. Let k = 106 - w. Calculate the highest common factor of t and k.
16
Let s = -216 - -336. Calculate the greatest common divisor of s and 30.
30
Let v be (7/1 - 9) + 36/2. Calculate the highest common divisor of 32 and v.
16
Let d = 9 + -9. Suppose d = -2*u - n - 41, -3*u - 14 = 3*n + 49. Let b be 15/u - (-1150)/8. Calculate the greatest common factor of b and 13.
13
Let w = 232 + -124. Suppose -2*a + w = -0*a. What is the highest common factor of 6 and a?
6
Let g(v) = -v**3 + 10*v**2 + 4*v + 5. Let r be g(10). What is the greatest common factor of 18 and r?
9
Suppose 6*y - 122 = 592. Calculate the greatest common divisor of 7 and y.
7
Let c be 146/4 - (-1)/(-2). Suppose 2*f + x - c = 4*x, -5*f = x - 73. Let w be (2 - (-2 + -1)) + (-2)/1. What is the highest common factor of w and f?
3
Let q = -13 - -19. Calculate the greatest common factor of q and 4.
2
Let t(i) = 0*i + 0 + 2*i**2 - 1 - i. Let m be t(3). What is the greatest common divisor of 70 and m?
14
Let n be (-10)/55 + 57/11. Suppose 3*f = 6*f + n*